{"id":51,"date":"2022-09-15T10:18:16","date_gmt":"2022-09-15T10:18:16","guid":{"rendered":"http:\/\/suretech.pl\/?page_id=51"},"modified":"2022-09-15T10:49:47","modified_gmt":"2022-09-15T10:49:47","slug":"o-nas","status":"publish","type":"page","link":"https:\/\/suretech.pl\/index.php\/o-nas\/","title":{"rendered":"O nas"},"content":{"rendered":"\n<p><strong>Tw\u00f3j Punkt Ubezpiecze\u0144<\/strong><\/p>\n\n\n\n<div class=\"wp-block-columns is-layout-flex wp-container-core-columns-is-layout-9d6595d7 wp-block-columns-is-layout-flex\">\n<div class=\"wp-block-column is-layout-flow wp-block-column-is-layout-flow\" style=\"flex-basis:25%\">\n<figure class=\"wp-block-image size-full\"><img loading=\"lazy\" decoding=\"async\" width=\"215\" height=\"300\" src=\"http:\/\/suretech.pl\/wp-content\/uploads\/2022\/09\/o-nas30.jpg\" alt=\"\" class=\"wp-image-76\"\/><\/figure>\n<\/div>\n\n\n\n<div class=\"wp-block-column is-layout-flow wp-block-column-is-layout-flow\" style=\"flex-basis:50%\">\n<p>Tw\u00f3j Punkt Ubezpiecze\u0144 to pr\u0119\u017cnie rozwijaj\u0105ca si\u0119 multiagencja ubezpieczeniowa, istniej\u0105ca od 2006 r. Z rynkiem ubezpieczeniowym zwi\u0105zani jeste\u015bmy od 2004 roku. Od pocz\u0105tk\u00f3w naszego istnienia g\u0142\u00f3wnym zamys\u0142em by\u0142o stworzenie dla klient\u00f3w jednego punktu ubezpieczeniowego, w kt\u00f3rym b\u0119d\u0105 mogli wybra\u0107 dla siebie najkorzystniejsz\u0105 ofert\u0119 interesuj\u0105cego ich ubezpieczenia. Dlatego wychodz\u0105c na przeciw rosn\u0105cym potrzebom naszych klient\u00f3w podpisali\u015bmy umowy z 30 najlepszymi ubezpieczycielami w Polsce.<\/p>\n\n\n\n<p>Obecnie zaufa\u0142o nam ponad 30 000 klient\u00f3w indywidualnych, przedsi\u0119biorc\u00f3w oraz klient\u00f3w korporacyjnych.<\/p>\n\n\n\n<p>Posiadamy kilka pr\u0119\u017cnie dzia\u0142aj\u0105cych biur w Skierniewicach, Sochaczewie i \u0141owiczu. Dzia\u0142amy r\u00f3wnie\u017c&nbsp; na terenie ca\u0142ej RP&nbsp; szczeg\u00f3lnie w \u0141odzi, Krakowie, Garwolinie.<\/p>\n\n\n\n<p>Ci\u0105gle doskonalimy sw\u0105 wiedz\u0119 i standardy obs\u0142ugi klienta. W niedalekiej przysz\u0142o\u015bci wdro\u017cymy&nbsp; dla wygody naszych Klient\u00f3w dost\u0119p on line do indywidualnych kont, dzi\u0119ki kt\u00f3rym 24 h na dob\u0119 b\u0119d\u0105 mogli uzyska\u0107 informacje o stanie ich um\u00f3w, wysoko\u015bciach i terminach rat i ko\u0144cach um\u00f3w.<\/p>\n\n\n\n<p>Posiadamy wygodny dla naszych Klient\u00f3w system przypominania SMS-em lub emailem o ko\u0144cz\u0105cych si\u0119 umowach i zbli\u017caj\u0105cych si\u0119 ratach sk\u0142adek.<\/p>\n\n\n\n<p>Cenimy sobie czas naszych klient\u00f3w, dlatego cz\u0119sto na \u017cyczenie klienta wcze\u015bniej uzgadniamy warunki, wyszukujemy najkorzystniejsze oferty i przygotowujemy umowy. W razie potrzeby doje\u017cd\u017camy do Klienta. Je\u015bli kto\u015b oczekuje w kolejce, w naszych biurach zawsze mo\u017ce umili\u0107 sobie czas fili\u017cank\u0105 kawy czy herbaty, a tak\u017ce poczyta\u0107 aktualn\u0105 lokaln\u0105 pras\u0119.<\/p>\n\n\n\n<p>W razie szk\u00f3d naszym Klientom oferujemy bezp\u0142atn\u0105 pomoc w za\u0142atwieniu formalno\u015bci.<\/p>\n\n\n\n<p>Sami r\u00f3wnie\u017c posiadamy polis\u0119 OC Multiagenta opiewaj\u0105c\u0105 na&nbsp; 1 250 618 EURO na jedno i 1 875 927 EURO na wszystkie zdarzenia.<\/p>\n\n\n\n<p>Zapraszamy do naszych biur !<\/p>\n\n\n\n<p><a href=\"https:\/\/tpu.com.pl\/skierniewice,19,pl.html\">w Skierniewicach &gt;&gt;&gt;<\/a><br><a href=\"https:\/\/tpu.com.pl\/lowicz,20,pl.html\">w \u0141owiczu &gt;&gt;&gt;<\/a><br><a href=\"https:\/\/tpu.com.pl\/sochaczew,21,pl.html\">w Sochaczewie &gt;&gt;&gt;<\/a><\/p>\n<\/div>\n\n\n\n<div class=\"wp-block-column is-layout-flow wp-block-column-is-layout-flow\" style=\"flex-basis:25%\">\n<p><strong>Nasze Atuty<\/strong><\/p>\n\n\n\n<ul class=\"wp-block-list\"><li>Pracujemy dla Pa\u0144stwa od 2006 roku<\/li><li>Zaufa\u0142o nam ponad 30 0000 klient\u00f3w indywidualnych, przedsi\u0119biorc\u00f3w oraz klient\u00f3w korporacyjnych.<\/li><li>Otworzyli\u015bmy dla Pa\u0144stwa pr\u0119\u017cnie dzia\u0142aj\u0105ce biura w Skierniewicach, \u0141owiczu i Sochaczewie oraz punkty obs\u0142ugi w Krakowie, Otwocku oraz w \u0141odzi<\/li><li>W razie potrzeby doje\u017cd\u017camy do Klienta<\/li><li>Posiadamy wygodny system przypominania SMS-em lub emailem o ko\u0144cz\u0105cych si\u0119 umowach i zbli\u017caj\u0105cych si\u0119 ratach sk\u0142adek<\/li><li>W przypadku szk\u00f3d naszym Klientom oferujemy bezp\u0142atn\u0105 pomoc w za\u0142atwieniu formalno\u015bci<\/li><li>Posiadamy polis\u0119 OC Multiagenta opiewaj\u0105c\u0105 na&nbsp; 1 250 618 EURO na jedno i 1 875 927 EURO na wszystkie zdarzenia.<\/li><\/ul>\n<\/div>\n<\/div>\n\n\n\n<p>Obecnie zaufa\u0142o nam ponad 30 000 klient\u00f3w indywidualnych, przedsi\u0119biorc\u00f3w oraz klient\u00f3w korporacyjnych.<\/p>\n\n\n\n<p>Posiadamy kilka pr\u0119\u017cnie dzia\u0142aj\u0105cych biur w Skierniewicach, Sochaczewie i \u0141owiczu. Dzia\u0142amy r\u00f3wnie\u017c&nbsp; na terenie ca\u0142ej RP&nbsp; szczeg\u00f3lnie w \u0141odzi, Krakowie, Garwolinie.<\/p>\n\n\n\n<p>Ci\u0105gle doskonalimy sw\u0105 wiedz\u0119 i standardy obs\u0142ugi klienta. W niedalekiej przysz\u0142o\u015bci wdro\u017cymy&nbsp; dla wygody naszych Klient\u00f3w dost\u0119p on line do indywidualnych kont, dzi\u0119ki kt\u00f3rym 24 h na dob\u0119 b\u0119d\u0105 mogli uzyska\u0107 informacje o stanie ich um\u00f3w, wysoko\u015bciach i terminach rat i ko\u0144cach um\u00f3w.<\/p>\n\n\n\n<p>Posiadamy wygodny dla naszych Klient\u00f3w system przypominania SMS-em lub emailem o ko\u0144cz\u0105cych si\u0119 umowach i zbli\u017caj\u0105cych si\u0119 ratach sk\u0142adek.<\/p>\n\n\n\n<p>Cenimy sobie czas naszych klient\u00f3w, dlatego cz\u0119sto na \u017cyczenie klienta wcze\u015bniej uzgadniamy warunki, wyszukujemy najkorzystniejsze oferty i przygotowujemy umowy. W razie potrzeby doje\u017cd\u017camy do Klienta. Je\u015bli kto\u015b oczekuje w kolejce, w naszych biurach zawsze mo\u017ce umili\u0107 sobie czas fili\u017cank\u0105 kawy czy herbaty, a tak\u017ce poczyta\u0107 aktualn\u0105 lokaln\u0105 pras\u0119.<\/p>\n\n\n\n<p>W razie szk\u00f3d naszym Klientom oferujemy bezp\u0142atn\u0105 pomoc w za\u0142atwieniu formalno\u015bci.<\/p>\n\n\n\n<p>Sami r\u00f3wnie\u017c posiadamy polis\u0119 OC Multiagenta opiewaj\u0105c\u0105 na&nbsp; 1 250 618 EURO na jedno i 1 875 927 EURO na wszystkie zdarzenia.<\/p>\n\n\n\n<p>Zapraszamy do naszych biur !<\/p>\n\n\n\n<p><a href=\"skierniewice,19,pl.html\">w Skierniewicach &gt;&gt;&gt;<\/a><br><a href=\"lowicz,20,pl.html\">w \u0141owiczu &gt;&gt;&gt;<\/a><br><a href=\"sochaczew,21,pl.html\">w Sochaczewie &gt;&gt;&gt;<\/a><\/p>\n","protected":false},"excerpt":{"rendered":"<p>Tw\u00f3j Punkt Ubezpiecze\u0144 Tw\u00f3j Punkt Ubezpiecze\u0144 to pr\u0119\u017cnie rozwijaj\u0105ca si\u0119 multiagencja ubezpieczeniowa, istniej\u0105ca od 2006 r. Z rynkiem ubezpieczeniowym zwi\u0105zani jeste\u015bmy od 2004 roku. Od pocz\u0105tk\u00f3w naszego istnienia g\u0142\u00f3wnym zamys\u0142em by\u0142o stworzenie dla klient\u00f3w jednego punktu ubezpieczeniowego, w kt\u00f3rym b\u0119d\u0105 mogli wybra\u0107 dla siebie najkorzystniejsz\u0105 ofert\u0119 interesuj\u0105cego ich ubezpieczenia. Dlatego [&hellip;]<\/p>\n","protected":false},"author":1,"featured_media":0,"parent":0,"menu_order":0,"comment_status":"closed","ping_status":"closed","template":"","meta":{"footnotes":""},"class_list":["post-51","page","type-page","status-publish","hentry"],"featured_media_urls":[],"_links":{"self":[{"href":"https:\/\/suretech.pl\/index.php\/wp-json\/wp\/v2\/pages\/51","targetHints":{"allow":["GET"]}}],"collection":[{"href":"https:\/\/suretech.pl\/index.php\/wp-json\/wp\/v2\/pages"}],"about":[{"href":"https:\/\/suretech.pl\/index.php\/wp-json\/wp\/v2\/types\/page"}],"author":[{"embeddable":true,"href":"https:\/\/suretech.pl\/index.php\/wp-json\/wp\/v2\/users\/1"}],"replies":[{"embeddable":true,"href":"https:\/\/suretech.pl\/index.php\/wp-json\/wp\/v2\/comments?post=51"}],"version-history":[{"count":5,"href":"https:\/\/suretech.pl\/index.php\/wp-json\/wp\/v2\/pages\/51\/revisions"}],"predecessor-version":[{"id":83,"href":"https:\/\/suretech.pl\/index.php\/wp-json\/wp\/v2\/pages\/51\/revisions\/83"}],"wp:attachment":[{"href":"https:\/\/suretech.pl\/index.php\/wp-json\/wp\/v2\/media?parent=51"}],"curies":[{"name":"wp","href":"https:\/\/api.w.org\/{rel}","templated":true}]}}